vert 2004 (base 5) to base 9.
312
Convert 2 (base 5) to base 9.
2
Convert a0 (base 15) to base 14.
aa
Convert 17 (base 9) to base 2.
10000
Convert -10001 (base 2) to base 5.
-32
What is 5 (base 10) in base 3?
12
-112 (base 3) to base 10
-14
What is -88 (base 16) in base 12?
-b4
Convert -1 (base 9) to base 4.
-1
What is -10 (base 7) in base 3?
-21
What is -40 (base 7) in base 16?
-1c
a (base 11) to base 5
20
What is -7 (base 12) in base 9?
-7
Convert -2 (base 3) to base 9.
-2
Convert 37 (base 8) to base 15.
21
What is -10 (base 2) in base 6?
-2
Convert 2 (base 4) to base 8.
2
-3 (base 13) to base 4
-3
What is -5 (base 10) in base 4?
-11
What is 39 (base 14) in base 7?
102
What is 46 (base 11) in base 10?
50
0 (base 4) to base 15
0
100 (base 2) to base 5
4
2 (base 6) to base 5
2
32 (base 7) to base 15
18
Convert 1 (base 8) to base 7.
1
Convert -113 (base 10) to base 13.
-89
What is 3 (base 9) in base 4?
3
Convert -4 (base 13) to base 10.
-4
Convert 1b7 (base 15) to base 9.
481
What is 3000 (base 4) in base 8?
300
Convert -141 (base 5) to base 3.
-1201
What is -44 (base 14) in base 12?
-50
-2 (base 16) to base 2
-10
3 (base 11) to base 4
3
-3 (base 13) to base 5
-3
Convert 4 (base 9) to base 15.
4
Convert -1 (base 9) to base 6.
-1
-33 (base 13) to base 5
-132
What is -9 (base 14) in base 5?
-14
What is 1010 (base 2) in base 16?
a
What is 324 (base 5) in base 11?
81
-79 (base 11) to base 9
-105
Convert -34 (base 13) to base 3.
-1121
What is 4 (base 15) in base 2?
100
What is -1 (base 13) in base 6?
-1
Convert -3 (base 6) to base 5.
-3
What is 45 (base 6) in base 14?
21
Convert -13 (base 13) to base 4.
-100
16 (base 16) to base 6
34
What is 178 (base 10) in base 14?
ca
Convert -20 (base 3) to base 6.
-10
22 (base 12) to base 3
222
What is -1 (base 2) in base 13?
-1
Convert 103 (base 8) to base 12.
57
-100 (base 2) to base 9
-4
Convert -57 (base 15) to base 5.
-312
What is -36 (base 14) in base 10?
-48
Convert 11 (base 5) to base 9.
6
What is -22 (base 5) in base 6?
-20
What is -3 (base 5) in base 13?
-3
What is 0 (base 7) in base 15?
0
Convert 3 (base 14) to base 5.
3
Convert -8 (base 13) to base 2.
-1000
1 (base 6) to base 15
1
What is -101 (base 2) in base 14?
-5
What is 0 (base 5) in base 14?
0
Convert 0 (base 9) to base 10.
0
Convert 65 (base 14) to base 12.
75
0 (base 6) to base 8
0
Convert 2 (base 16) to base 7.
2
244 (base 5) to base 3
2202
What is -39 (base 12) in base 6?
-113
What is -3 (base 14) in base 6?
-3
What is -3 (base 16) in base 14?
-3
What is -1000 (base 2) in base 16?
-8
Convert 12 (base 9) to base 14.
b
What is 6 (base 14) in base 4?
12
Convert 110 (base 3) to base 5.
22
Convert -3 (base 16) to base 13.
-3
Convert -10 (base 3) to base 16.
-3
Convert -13 (base 15) to base 7.
-24
-240 (base 13) to base 5
-3030
112 (base 6) to base 16
2c
1 (base 6) to base 3
1
-21 (base 3) to base 14
-7
Convert -10 (base 3) to base 9.
-3
Convert 3 (base 13) to base 5.
3
What is -2 (base 12) in base 7?
-2
110 (base 5) to base 3
1010
What is -23 (base 14) in base 7?
-43
What is 45 (base 6) in base 2?
11101
Convert 45 (base 8) to base 10.
37
Convert -11 (base 5) to base 9.
-6
What is 20 (base 10) in base 8?
24
1 (base 15) to base 2
1
11 (base 5) to base 2
110
What is 4 (base 6) in base 8?
4
1 (base 9) to base 10
1
What is -6 (base 15) in base 2?
-110
What is -43 (base 9) in base 2?
-100111
Convert 2 (base 15) to base 7.
2
Convert 33 (base 8) to base 15.
1c
-3 (base 9) to base 2
-11
What is -3 (base 4) in base 15?
-3
What is -18 (base 14) in base 9?
-24
Convert 19 (base 12) to base 4.
111
-3 (base 14) to base 7
-3
11 (base 10) to base 4
23
-b8 (base 15) to base 12
-125
Convert 122 (base 5) to base 14.
29
What is 12010 (base 3) in base 13?
a8
Convert 10 (base 2) to base 16.
2
What is -3 (base 16) in base 2?
-11
-23 (base 10) to base 3
-212
Convert -7 (base 13) to base 9.
-7
Convert 1313 (base 4) to base 11.
a9
What is a (base 15) in base 3?
101
What is 0 (base 16) in base 5?
0
Convert 0 (base 4) to base 16.
0
-3 (base 5) to base 9
-3
Convert 3 (base 16) to base 2.
11
Convert -12 (base 4) to base 3.
-20
-1 (base 14) to base 11
-1
10010 (base 3) to base 13
66
What is -170 (base 9) in base 4?
-2100
What is -15 (base 6) in base 14?
-b
What is 7 (base 11) in base 8?
7
Convert -26 (base 7) to base 10.
-20
15 (base 12) to base 14
13
Convert 2 (base 16) to base 14.
2
-20 (base 5) to base 10
-10
Convert 27 (base 13) to base 4.
201
What is 3 (base 10) in base 11?
3
Convert 11 (base 3) to base 2.
100
-104 (base 14) to base 9
-242
1 (base 2) to base 6
1
Convert -12 (base 5) to base 7.
-10
3 (base 10) to base 15
3
36 (base 14) to base 12
40
-1 (base 2) to base 6
-1
Convert 2212 (base 3) to base 12.
65
What is -3 (base 4) in base 13?
-3
a5 (base 15) to base 10
155
Convert -10 (base 14) to base 8.
-16
1001 (base 6) to base 12
161
41 (base 6) to base 7
34
Convert 1 (base 12) to base 2.
1
What is 10011011 (base 2) in base 16?
9b
9 (base 13) to base 16
9
What is 347 (base 10) in base 2?
101011011
2 (base 4) to base 3
2
Convert 2 (base 16) to base 15.
2
-62 (base 10) to base 5
-222
Convert -8 (base 10) to base 7.
-11
-42 (base 8) to base 4
-202
What is -3 (base 6) in base 3?
-10
What is -2 (base 10) in base 2?
-10
16 (base 7) to base 5
23
Convert -5 (base 6) to base 9.
-5
Convert -70 (base 11) to base 6.
-205
15 (base 14) to base 3
201
Convert 3 (base 13) to base 6.
3
Convert -32 (base 9) to base 12.
-25
Convert 1111 (base 2) to base 3.
120
Convert -3 (base 14) to base 11.
-3
What is 5 (base 11) in base 16?
5
-20 (base 3) to base 8
-6
Convert -1 (base 3) to base 13.
-1
-4 (base 8) to base 13
-4
Convert -2113 (base 4) to base 5.
-1101
What is 1 (base 5) in base 15?
1
Convert 3 (base 14) to base 12.
3
62 (base 14) to base 2
1010110
Convert 1250 (base 6) to base 3.
102210
-8 (base 13) to base 14
-8
Convert 0 (base 6) to base 16.
0
Convert 20 (base 7) to base 11.
13
What is -129 (base 14) in base 16?
-e9
What is 3 (base 4) in base 12?
3
1021 (base 3) to base 10
34
Convert 7a (base 13) to base 14.
73
-2 (base 13) to base 6
-2
Convert -99 (base 16) to base 9.
-180
Convert 31 (base 4) to base 9.
14
-a8 (base 14) to base 11
-125
What is -1 (base 8) in base 6?
-1
100 (base 2) to base 5
4
What is -15 (base 8) in base 10?
-13
Convert -5 (base 16) to base 4.
-11
Convert -1 (base 16) to base 8.
-1
What is -1 (base 16) in base 7?
-1
What is -39 (base 12) in base 7?
-63
Convert -11 (base 12) to base 15.
-d
Convert -10221 (base 3) to base 11.
-97
What is 1 (base 2) in base 3?
1
Convert -120 (base 3) to base 14.
-11
Convert 1 (base 9) to base 11.
1
-1 (base 5) to base 8
-1
Convert 17 (base 12) to base 8.
23
-1d (base 15) to base 14
-20
Convert -2 (base 16) to base 2.
-10
Convert 4 (base 5) to base 12.
4
What is -16 (base 7) in base 2?
-1101
Convert 23 (base 14) to base 11.
29
What is 36 (base 8) in base 6?
50
What is -4 (base 14) in base 10?
-4
10 (base 6) to base 14
6
What is -72 (base 9) in base 16?
-41
12122 (base 3) to base 4
2120
7 (base 9) to base 8
7
2 (base 16) to base 10
2
10100 (base 2) to base 14
16
Convert -327 (base 9) to base 15.
-12d
Convert -11101101 (base 2) to base 12.
-179
Convert 10 (base 6) to base 16.
6
What is -a (base 12) in base 3?
-101
What is 30 (base 11) in base 7?
45
10 (base 13) to base 8
15
What is -42 (base 7) in base 5?
-110
Convert 140 (base 7) to base 13.
5c
-13 (base 5) to base 11
-8
Convert 1 (base 10) to base 11.
1
What is -112 (base 6) in base 5?
-134
Convert 53 (base 7) to base 11.
35
What is 11 (base 11) in base 6?
20
-100 (base 3) to base 7
-12
14 (base 6) to base 8
12
Convert 9 (base 14) to base 3.
100
What is -307 (base 8) in base 9?
-241
-1121 (base 3) to base 16
-2b
What is 2 (base 11) in base 3?
2
What is -19 (base 10) in base 8?
-23
Convert -1110 (base 3) to base 6.
-103
What is -11 (base 5) in base 16?
-6
Convert 1 (base 9) to base 7.
1
Convert 14b (base 14) to base 7.
524
What is 25 (base 11) in base 7?
36
What is 312 (base 5) in base 9?
101
Convert 47 (base 8) to base 14.
2b
0 (base 7) to base 15
0
What is 5 (base 14) in base 3?
12
-2 (base 9) to base 5
-2
What is -2 (base 7) in base 5?
-2
Convert 6 (base 11) to base 16.
6
Convert -51 (base 10) to base 14.
-39
Convert -14 (base 7) to base 8.
-13
-110 (base 3) to base 12
-10
Convert